rime factors of 3619271781.
3, 127, 1055489
List the prime factors of 78003961.
7, 89, 125207
What are the prime factors of 1931608806?
2, 3, 321934801
What are the prime factors of 19129815?
3, 5, 425107
What are the prime factors of 1529388771?
3, 107, 271, 17581
List the prime factors of 516786359.
516786359
List the prime factors of 3344543278.
2, 7351, 227489
List the prime factors of 1323247618.
2, 7, 11, 191, 44987
List the prime factors of 34746350.
2, 5, 29, 31, 773
List the prime factors of 119263829.
449, 265621
What are the prime factors of 47372810?
2, 5, 257, 18433
What are the prime factors of 358239670?
2, 5, 35823967
What are the prime factors of 22061277?
3, 7, 350179
What are the prime factors of 493271460?
2, 3, 5, 11, 249127
List the prime factors of 228728236.
2, 11, 101, 4679
List the prime factors of 6124250622.
2, 3, 7, 59, 2471449
List the prime factors of 218734174.
2, 4261, 25667
What are the prime factors of 2652350973?
3, 884116991
What are the prime factors of 1497769546?
2, 7, 13, 37, 222419
What are the prime factors of 979046929?
7, 31, 4511737
List the prime factors of 30829702.
2, 1951, 7901
What are the prime factors of 276168710?
2, 5, 47, 137, 4289
List the prime factors of 568964566.
2, 3469, 82007
List the prime factors of 6518544.
2, 3, 139, 977
List the prime factors of 26305537.
23, 1143719
What are the prime factors of 2792880779?
13, 71, 167, 18119
What are the prime factors of 28557263?
7, 17, 239977
List the prime factors of 37145318.
2, 7, 2653237
List the prime factors of 65003813.
7, 9286259
What are the prime factors of 4079412766?
2, 11, 13, 14263681
What are the prime factors of 7565110?
2, 5, 7, 15439
What are the prime factors of 907023216?
2, 3, 11, 19, 23, 3931
What are the prime factors of 1887735372?
2, 3, 421, 373661
What are the prime factors of 312454198?
2, 7, 22318157
What are the prime factors of 808384444?
2, 7, 61, 473293
What are the prime factors of 1390956487?
23, 60476369
What are the prime factors of 77811947?
211, 239, 1543
What are the prime factors of 239748225?
3, 5, 109, 29327
List the prime factors of 124000496.
2, 31, 53, 89
What are the prime factors of 7724270586?
2, 3, 17, 1597, 47419
What are the prime factors of 1033782161?
1033782161
What are the prime factors of 127475192?
2, 13, 1225723
What are the prime factors of 812633691?
3, 431, 628487
List the prime factors of 3330889739.
23, 37, 3914089
List the prime factors of 154495463.
154495463
What are the prime factors of 35353928?
2, 773, 5717
List the prime factors of 546645072.
2, 3, 31, 367369
List the prime factors of 370337783.
83, 4461901
What are the prime factors of 2202423209?
7, 19, 16559573
List the prime factors of 224081437.
17, 109, 120929
What are the prime factors of 2499284592?
2, 3, 7, 101, 167
What are the prime factors of 2349713817?
3, 11, 47, 504989
List the prime factors of 749096693.
1601, 467893
List the prime factors of 131431292.
2, 23, 1428601
List the prime factors of 878242810.
2, 5, 23, 3818447
List the prime factors of 62005543.
73, 849391
List the prime factors of 1986119093.
7, 283731299
What are the prime factors of 265663014?
2, 3, 4349, 10181
List the prime factors of 22299067.
7, 433, 1051
List the prime factors of 207332877.
3, 821, 84179
What are the prime factors of 358291947?
3, 13, 67, 137119
List the prime factors of 3098034008.
2, 387254251
List the prime factors of 172575563.
401, 607, 709
What are the prime factors of 171664087?
7, 24523441
List the prime factors of 325456384.
2, 11, 57787
What are the prime factors of 4422455686?
2, 11, 23, 151, 57881
List the prime factors of 488967703.
7, 1297, 53857
List the prime factors of 70518052.
2, 11, 71, 22573
List the prime factors of 973804444.
2, 311, 613, 1277
List the prime factors of 1401067492.
2, 11, 379, 84017
What are the prime factors of 2230363494?
2, 3, 29, 4272727
What are the prime factors of 1183536897?
3, 394512299
List the prime factors of 1851955852.
2, 47, 61, 167, 967
List the prime factors of 50217687.
3, 13, 429211
List the prime factors of 23615861.
23615861
What are the prime factors of 191624774?
2, 11, 227, 38371
What are the prime factors of 509009013?
3, 47, 1203331
What are the prime factors of 1264382434?
2, 7, 90313031
List the prime factors of 201948552.
2, 3, 13, 61, 131
List the prime factors of 53332888.
2, 7, 127, 7499
List the prime factors of 273666275.
5, 10946651
List the prime factors of 953085486.
2, 3, 19, 23159
List the prime factors of 4567772872.
2, 13, 31, 1416803
What are the prime factors of 1597154523?
3, 23, 53, 436739
What are the prime factors of 6011829258?
2, 3, 61, 16425763
What are the prime factors of 2191925724?
2, 3, 182660477
What are the prime factors of 64926433?
11, 13, 454031
List the prime factors of 1374663222.
2, 3, 76370179
List the prime factors of 801985854.
2, 3, 101, 1323409
What are the prime factors of 186815146?
2, 7, 37, 51521
What are the prime factors of 93689519?
7, 11, 101, 1721
List the prime factors of 892321759.
7, 139, 917083
List the prime factors of 3519678.
2, 3, 31, 127, 149
What are the prime factors of 188212045?
5, 7, 67, 83, 967
List the prime factors of 1006390494.
2, 3, 59, 71, 1483
List the prime factors of 24367844.
2, 89, 68449
List the prime factors of 341526863.
47, 349, 443
List the prime factors of 7409671964.
2, 79, 23448329
What are the prime factors of 72121356?
2, 3, 83, 24137
What are the prime factors of 1552671484?
2, 7, 13, 29, 147089
What are the prime factors of 1372827149?
41, 33483589
What are the prime factors of 415245141?
3, 47, 199, 4933
List the prime factors of 75071269.
7, 13, 17, 48527
List the prime factors of 993427769.
677, 1467397
What are the prime factors of 9305872?
2, 581617
List the prime factors of 50579487.
3, 7, 101, 7949
What are the prime factors of 13482737?
31, 434927
List the prime factors of 1088504275.
5, 59, 737969
What are the prime factors of 757359595?
5, 151471919
What are the prime factors of 895063479?
3, 2203, 135431
List the prime factors of 1003111948.
2, 5171, 48497
What are the prime factors of 1658052985?
5, 331610597
What are the prime factors of 623746489?
41, 15213329
What are the prime factors of 137664589?
17, 8097917
List the prime factors of 79351972.
2, 7, 61, 6637
List the prime factors of 67961075.
5, 7, 13, 29873
List the prime factors of 57578715.
3, 5, 97, 4397
What are the prime factors of 1451028527?
13, 1979, 56401
List the prime factors of 653490894.
2, 3, 7, 1583, 9829
What are the prime factors of 185338734?
2, 3, 7, 1877, 2351
What are the prime factors of 153191679?
3, 61, 837113
What are the prime factors of 584919834?
2, 3, 683, 142733
List the prime factors of 7987750019.
7987750019
List the prime factors of 4667477773.
7, 109, 821, 7451
What are the prime factors of 2159731355?
5, 29, 14894699
What are the prime factors of 18858113?
18858113
What are the prime factors of 15277844?
2, 3819461
List the prime factors of 226266602.
2, 43, 2631007
List the prime factors of 28061493.
3, 9353831
List the prime factors of 1700605958.
2, 850302979
List the prime factors of 55832429.
55832429
What are the prime factors of 3002390558?
2, 41, 36614519
What are the prime factors of 172750275?
3, 5, 283, 2713
List the prime factors of 145308354.
2, 3, 107, 226337
List the prime factors of 572451233.
281, 389, 5237
What are the prime factors of 429942275?
5, 7, 71, 34603
List the prime factors of 1888890507.
3, 7, 383, 78283
What are the prime factors of 23441110?
2, 5, 7, 11, 4349
List the prime factors of 1908895757.
139, 1019, 13477
List the prime factors of 801880485.
3, 5, 7, 7636957
List the prime factors of 114223738.
2, 43, 1328183
What are the prime factors of 37404562?
2, 13, 137, 10501
What are the prime factors of 578862638?
2, 289431319
What are the prime factors of 124013359?
137, 905207
What are the prime factors of 7535499699?
3, 7, 13, 83, 332561
What are the prime factors of 324132460?
2, 5, 16206623
List the prime factors of 178880760.
2, 3, 5, 496891
List the prime factors of 47896256.
2, 748379
List the prime factors of 50504362.
2, 25252181
List the prime factors of 424713063.
3, 141571021
What are the prime factors of 44025582?